he greatest common factor of 642 and 9?
3
What is the highest common factor of 230 and 2047?
23
What is the highest common divisor of 110 and 88?
22
What is the highest common divisor of 286 and 5018?
26
Calculate the highest common factor of 224 and 7.
7
What is the highest common factor of 1711 and 59?
59
Calculate the greatest common factor of 102 and 4352.
34
What is the highest common divisor of 108 and 60?
12
Calculate the greatest common divisor of 72 and 20.
4
What is the highest common factor of 45 and 720?
45
Calculate the greatest common divisor of 1612 and 104.
52
What is the greatest common factor of 5454 and 108?
54
Calculate the greatest common factor of 2576 and 8.
8
Calculate the greatest common factor of 34 and 4743.
17
What is the greatest common factor of 38 and 3?
1
What is the greatest common factor of 36 and 19710?
18
What is the highest common factor of 12 and 27?
3
What is the greatest common factor of 1247 and 29?
29
Calculate the highest common factor of 25 and 127.
1
Calculate the greatest common divisor of 1749 and 15.
3
What is the greatest common divisor of 6755 and 21?
7
What is the highest common divisor of 112 and 3192?
56
Calculate the greatest common factor of 1948 and 4.
4
Calculate the highest common divisor of 913 and 6557.
83
Calculate the highest common factor of 13890 and 30.
30
What is the highest common divisor of 22 and 1078?
22
What is the greatest common divisor of 28819 and 161?
161
What is the greatest common factor of 2110 and 10?
10
What is the highest common factor of 3471 and 39?
39
What is the greatest common divisor of 103912 and 248?
248
Calculate the greatest common factor of 915 and 15.
15
Calculate the greatest common divisor of 3130 and 10.
10
What is the highest common divisor of 369 and 72?
9
What is the highest common factor of 58 and 2146?
58
What is the highest common divisor of 3553 and 34?
17
Calculate the greatest common factor of 286 and 26.
26
Calculate the greatest common divisor of 96 and 1128.
24
What is the highest common factor of 82 and 15662?
82
Calculate the greatest common divisor of 420 and 4704.
84
Calculate the highest common divisor of 3796 and 299.
13
What is the highest common divisor of 10689 and 42?
21
Calculate the greatest common divisor of 30 and 2430.
30
What is the greatest common divisor of 380 and 304?
76
What is the greatest common divisor of 209 and 44?
11
Calculate the greatest common factor of 6 and 246.
6
What is the highest common divisor of 775 and 25?
25
Calculate the greatest common divisor of 5 and 25.
5
What is the highest common factor of 1 and 13?
1
What is the greatest common divisor of 14 and 6727?
7
Calculate the highest common factor of 48 and 752.
16
What is the highest common divisor of 38 and 7619?
19
What is the greatest common divisor of 60 and 870?
30
Calculate the greatest common factor of 333 and 18.
9
What is the highest common factor of 20 and 5170?
10
Calculate the highest common factor of 287 and 14.
7
What is the highest common divisor of 2 and 23?
1
What is the greatest common factor of 2464 and 10912?
352
Calculate the greatest common divisor of 5 and 7065.
5
What is the highest common factor of 39 and 21?
3
Calculate the greatest common factor of 29 and 841.
29
What is the greatest common factor of 782 and 92?
46
What is the greatest common factor of 87 and 3741?
87
What is the highest common factor of 70 and 945?
35
Calculate the highest common factor of 19 and 1919.
19
What is the highest common factor of 295 and 45?
5
Calculate the highest common factor of 28 and 707.
7
Calculate the highest common divisor of 1 and 47.
1
What is the highest common divisor of 6 and 472?
2
Calculate the highest common factor of 1608 and 6.
6
Calculate the highest common divisor of 366 and 18.
6
What is the highest common divisor of 6 and 14586?
6
What is the highest common divisor of 288 and 1548?
36
Calculate the greatest common divisor of 410 and 45.
5
Calculate the greatest common factor of 858 and 12.
6
Calculate the highest common divisor of 342 and 2844.
18
What is the highest common factor of 1530 and 2890?
170
Calculate the highest common factor of 42 and 12.
6
What is the highest common divisor of 92 and 23?
23
What is the greatest common factor of 8 and 344?
8
Calculate the highest common divisor of 5 and 25.
5
What is the highest common factor of 22 and 352?
22
Calculate the highest common divisor of 39 and 273.
39
What is the highest common divisor of 1359 and 243?
9
Calculate the greatest common divisor of 183 and 6649.
61
What is the greatest common factor of 6 and 153?
3
What is the highest common divisor of 575 and 1025?
25
Calculate the highest common factor of 198 and 55.
11
Calculate the highest common divisor of 1134 and 126.
126
What is the highest common factor of 119 and 217?
7
Calculate the greatest common factor of 235 and 376.
47
What is the highest common factor of 280 and 190?
10
Calculate the greatest common divisor of 325 and 75.
25
What is the greatest common factor of 9500 and 40?
20
Calculate the highest common divisor of 4386 and 2.
2
Calculate the greatest common factor of 2862 and 54.
54
What is the greatest common divisor of 494 and 26?
26
What is the greatest common factor of 14826 and 42?
42
Calculate the highest common factor of 56 and 2492.
28
What is the highest common divisor of 10 and 4085?
5
Calculate the highest common factor of 552 and 72.
24
Calculate the highest common factor of 7 and 217.
7
Calculate the highest common divisor of 260 and 13.
13
Calculate the greatest common factor of 4152 and 32.
8
What is the highest common factor of 26364 and 117?
39
Calculate the highest common factor of 185 and 775.
5
Calculate the highest common divisor of 779 and 123.
41
What is the greatest common factor of 630 and 240?
30
Calculate the highest common factor of 31 and 527.
31
Calculate the highest common factor of 28 and 350.
14
What is the highest common factor of 36 and 180?
36
What is the greatest common divisor of 2 and 526?
2
Calculate the highest common divisor of 216 and 576.
72
Calculate the highest common factor of 400 and 350.
50
What is the highest common factor of 10 and 245?
5
What is the highest common factor of 2 and 14?
2
Calculate the highest common divisor of 19260 and 360.
180
What is the highest common factor of 158 and 1501?
79
What is the greatest common factor of 1645 and 4700?
235
Calculate the highest common factor of 793 and 26.
13
Calculate the highest common divisor of 456 and 7182.
114
What is the greatest common factor of 442 and 104?
26
What is the greatest common divisor of 4 and 52?
4
Calculate the highest common factor of 80 and 200.
40
What is the highest common divisor of 81 and 3483?
81
What is the highest common divisor of 3248 and 140?
28
What is the highest common factor of 204 and 561?
51
Calculate the highest common factor of 3 and 65.
1
What is the greatest common divisor of 39 and 39?
39
What is the greatest common factor of 60 and 12?
12
What is the highest common divisor of 301 and 1161?
43
Calculate the highest common divisor of 60 and 220.
20
What is the greatest common divisor of 85 and 2465?
85
What is the highest common factor of 988 and 52?
52
What is the greatest common divisor of 536 and 16?
8
Calculate the greatest common factor of 585 and 45.
45
Calculate the highest common divisor of 221 and 13.
13
Calculate the highest common factor of 352 and 32.
32
Calculate the greatest common divisor of 24 and 3318.
6
Calculate the greatest common factor of 33 and 564.
3
What is the greatest common factor of 12 and 438?
6
What is the greatest common factor of 42 and 78?
6
Calculate the highest common divisor of 12 and 18.
6
Calculate the highest common divisor of 32 and 1232.
16
What is the highest common factor of 544 and 238?
34
Calculate the greatest common divisor of 39 and 27.
3
Calculate the highest common divisor of 22 and 16654.
22
Calculate the greatest common factor of 87 and 609.
87
Calculate the highest common divisor of 76 and 133.
19
Calculate the highest common divisor of 4 and 2908.
4
Calculate the greatest common divisor of 776 and 8.
8
Calculate the greatest common divisor of 266 and 126.
14
What is the greatest common factor of